n 356981 is divided by 1701?
1472
What is the remainder when 3930792 is divided by 65513?
12
Calculate the remainder when 14538147 is divided by 550.
547
Calculate the remainder when 1364583 is divided by 48735.
3
Calculate the remainder when 1160137 is divided by 145.
137
Calculate the remainder when 121767223 is divided by 145.
138
What is the remainder when 1238563 is divided by 9243?
1
What is the remainder when 38345442 is divided by 938?
2
What is the remainder when 5377394 is divided by 810?
614
Calculate the remainder when 9508378 is divided by 559316.
6
Calculate the remainder when 568857 is divided by 11376.
57
Calculate the remainder when 168372 is divided by 5305.
3917
What is the remainder when 178455346 is divided by 36?
34
What is the remainder when 1726102 is divided by 6?
4
What is the remainder when 41943 is divided by 13793?
564
Calculate the remainder when 45533 is divided by 11332.
205
What is the remainder when 2557634 is divided by 1573?
1509
What is the remainder when 945314 is divided by 2064?
2
Calculate the remainder when 687003 is divided by 9.
6
What is the remainder when 4119770 is divided by 2059879?
12
Calculate the remainder when 358676437 is divided by 25.
12
Calculate the remainder when 19344823 is divided by 336.
295
Calculate the remainder when 7205450 is divided by 471.
92
What is the remainder when 1190630 is divided by 5132?
6
Calculate the remainder when 34967673 is divided by 618.
615
Calculate the remainder when 57610172 is divided by 211.
209
What is the remainder when 29804 is divided by 284?
268
What is the remainder when 10795291 is divided by 2050?
2041
What is the remainder when 143237 is divided by 28529?
592
What is the remainder when 716347584 is divided by 47?
45
What is the remainder when 110897 is divided by 223?
66
What is the remainder when 265795 is divided by 66448?
3
What is the remainder when 31929867 is divided by 105?
102
Calculate the remainder when 134186047 is divided by 122.
77
What is the remainder when 1018055 is divided by 83?
60
Calculate the remainder when 934158 is divided by 8052.
126
What is the remainder when 2184581 is divided by 630?
371
Calculate the remainder when 420886 is divided by 107.
55
Calculate the remainder when 1800807082 is divided by 261.
259
Calculate the remainder when 2199166 is divided by 762.
34
Calculate the remainder when 14420946 is divided by 534104.
138
Calculate the remainder when 516302 is divided by 1001.
787
What is the remainder when 110896 is divided by 8141?
5063
Calculate the remainder when 9869267 is divided by 765.
2
Calculate the remainder when 195971 is divided by 39115.
396
Calculate the remainder when 6626904 is divided by 89.
53
What is the remainder when 54369 is divided by 9031?
183
Calculate the remainder when 93778 is divided by 46710.
358
What is the remainder when 1384242011 is divided by 549?
548
What is the remainder when 1641655 is divided by 186?
19
What is the remainder when 348698492 is divided by 11?
10
What is the remainder when 246073 is divided by 122598?
877
Calculate the remainder when 197416 is divided by 4384.
136
Calculate the remainder when 8820627 is divided by 533.
10
Calculate the remainder when 9848395 is divided by 1032.
19
What is the remainder when 454122 is divided by 248?
34
What is the remainder when 29988 is divided by 319?
2
What is the remainder when 717472 is divided by 358677?
118
What is the remainder when 61669962 is divided by 1729?
1719
Calculate the remainder when 67372 is divided by 16012.
3324
Calculate the remainder when 71779 is divided by 5151.
4816
What is the remainder when 159033843 is divided by 1442?
1431
What is the remainder when 2467540 is divided by 1371?
1111
Calculate the remainder when 3482156 is divided by 489.
476
Calculate the remainder when 62751 is divided by 10454.
27
Calculate the remainder when 811532 is divided by 25360.
12
Calculate the remainder when 518506 is divided by 1587.
1144
Calculate the remainder when 31810 is divided by 31598.
212
Calculate the remainder when 284105279 is divided by 29.
22
What is the remainder when 20589013 is divided by 67?
47
What is the remainder when 2732 is divided by 1357?
18
Calculate the remainder when 3278624 is divided by 254.
246
Calculate the remainder when 103662 is divided by 25738.
710
What is the remainder when 6354731 is divided by 1588681?
7
What is the remainder when 5349114 is divided by 25?
14
Calculate the remainder when 274191616 is divided by 21.
13
Calculate the remainder when 16560022 is divided by 24.
22
Calculate the remainder when 26197 is divided by 244.
89
What is the remainder when 44917 is divided by 2377?
2131
Calculate the remainder when 57208959 is divided by 29921.
7
Calculate the remainder when 9952111 is divided by 117.
91
Calculate the remainder when 2560288 is divided by 1413.
1345
Calculate the remainder when 879812 is divided by 131.
16
Calculate the remainder when 2090447 is divided by 72084.
11
Calculate the remainder when 6672851 is divided by 1579.
1576
What is the remainder when 6162556 is divided by 6?
4
What is the remainder when 2165361 is divided by 156?
81
What is the remainder when 37966338 is divided by 1635?
3
Calculate the remainder when 1082294 is divided by 15243.
41
What is the remainder when 1025150 is divided by 47?
33
What is the remainder when 15009 is divided by 3397?
1421
What is the remainder when 15458414 is divided by 10?
4
Calculate the remainder when 6988137 is divided by 1802.
1783
Calculate the remainder when 8868180 is divided by 8868173.
7
What is the remainder when 485595 is divided by 3215?
130
Calculate the remainder when 32951028 is divided by 345.
78
Calculate the remainder when 261440507 is divided by 43.
34
What is the remainder when 1290430 is divided by 2010?
10
Calculate the remainder when 70228 is divided by 104.
28
What is the remainder when 162799743 is divided by 54266576?
15
Calculate the remainder when 6819991 is divided by 3409988.
15
Calculate the remainder when 106672492 is divided by 4310.
4302
What is the remainder when 9759400 is divided by 56?
0
Calculate the remainder when 539318 is divided by 38520.
38
Calculate the remainder when 6989 is divided by 2462.
2065
What is the remainder when 7701857 is divided by 590?
587
Calculate the remainder when 8850 is divided by 2168.
178
Calculate the remainder when 1942274 is divided by 88285.
4
Calculate the remainder when 597650 is divided by 573.
11
What is the remainder when 2149136 is divided by 488?
472
Calculate the remainder when 47483 is divided by 23681.
121
What is the remainder when 48514212 is divided by 286?
32
Calculate the remainder when 100081 is divided by 2036.
317
What is the remainder when 62043 is divided by 1191?
111
Calculate the remainder when 505539 is divided by 1352.
1243
What is the remainder when 715441 is divided by 21678?
67
What is the remainder when 164927 is divided by 15361?
11317
What is the remainder when 2128139 is divided by 1077?
1064
What is the remainder when 11836 is divided by 5724?
388
What is the remainder when 4184631215 is divided by 37?
35
Calculate the remainder when 509059 is divided by 2876.
7
What is the remainder when 53003670 is divided by 15417?
24
What is the remainder when 14682909 is divided by 4894302?
3
Calculate the remainder when 44430040 is divided by 6.
4
Calculate the remainder when 74648 is divided by 1220.
228
Calculate the remainder when 16942436 is divided by 1694237.
66
Calculate the remainder when 24551412 is divided by 1435.
1432
Calculate the remainder when 3775518 is divided by 235969.
14
Calculate the remainder when 550316 is divided by 1189.
998
Calculate the remainder when 10055278 is divided by 5027632.
14
Calculate the remainder when 3898912 is divided by 7.
3
Calculate the remainder when 2204776 is divided by 200423.
123
What is the remainder when 26626 is divided by 2871?
787
What is the remainder when 15028 is divided by 33?
13
What is the remainder when 652299 is divided by 54355?
39
Calculate the remainder when 56974 is divided by 3018.
2650
Calculate the remainder when 749568 is divided by 249435.
1263
Calculate the remainder when 33603940 is divided by 33603902.
38
Calculate the remainder when 420256 is di